6*j + 5. Let k be 4/16 + 19/4. Let d be (-2)/(-25)*k*15. Calculate i(d).
5
Suppose 2*r = r + 3. Let y be 9 + -3 - (0 + 2). Let j(z) = 3*z + 15*z**2 - 17*z**2 + y - z. Give j(r).
-8
Let z(o) = -o**2 - o + 1. Let g(c) = 3*c**2 - 2*c + 3. Let f(k) = g(k) - 4*z(k). Suppose 15*t - 12 = 3*t. Give f(t).
8
Let f(t) = -t**3 + 7*t**2. Let i be (-2 - 35/(-15))/(3/63). Calculate f(i).
0
Let g(i) = 4*i**3 - i**2 + 2*i - 1. Let r(c) = -c**2 - 4*c + 6. Let y be r(-5). Give g(y).
4
Let d(z) = -z**3 - 4*z**2 + 3*z + 6. Suppose -2*h = 2*h - 3*x + 31, -4*h - 5*x + 9 = 0. Suppose 0 = -t - 2*t - 3. Let s be (1 + 1 + t)*h. Calculate d(s).
-6
Let p be 1 + 1 - (-3)/3. Suppose 1 = -p*c - 5. Let v(q) = 3*q + 1. Give v(c).
-5
Let p(y) = 6*y**2 - 1. Let b be p(1). Let g(i) = i**2 - 4. Let k be g(-3). Suppose -k*v = -0*v + b. Let j(l) = -3*l. Give j(v).
3
Let i be 6/5*15/6. Suppose i*x = -2*u + 23 - 6, 5*x - 27 = -2*u. Let a(s) be the second derivative of -5*s**4/12 + s**3/6 + 3*s. Determine a(u).
-4
Let b(u) = 2*u + 4. Suppose 0 = 5*o - 157 + 22. Suppose -3*z - o = -4*d, -2*d = -0*d. Let g = -5 - z. Calculate b(g).
12
Let g = 1 - 1. Let d(n) = 4*n + g - 4*n + 3 + n. Determine d(4).
7
Let r(f) = -f**2 - 8*f + 7. Let q be r(-9). Let k(g) = g**2 + g - 3. Calculate k(q).
-1
Let v(y) = y**3 - 7*y**2 + 6*y - 5. Let x(b) be the second derivative of b**5/10 - 7*b**4/6 + 11*b**3/6 - 11*b**2/2 - b. Let l(k) = -7*v(k) + 4*x(k). Give l(7).
5
Let m(u) = -2*u - 3. Let f be m(-3). Suppose 3*r - 4 = -a, -2*a = r + f*a + 22. Let s(i) = -3 + 4 + i - r. Give s(3).
1
Let g(o) be the first derivative of o**3/3 - o**2/2 - 2*o + 5. Give g(4).
10
Suppose 0 = -3*b + 5*a + 34, -6*a + 4*a = b + 7. Let j(p) be the first derivative of p**2/2 - 1. Calculate j(b).
3
Let k(o) = -4*o. Let r(u) = u**3 - u**2 - 3*u. Let g be r(2). Calculate k(g).
8
Let j(u) = 6 - 5*u + 7*u + 0*u. Let q(l) = 4*l + 13. Let y(z) = -7*j(z) + 3*q(z). Determine y(-4).
5
Let r(m) = -2*m**3 + 2*m**2 + 4. Let l(s) = -s**3 + s**2. Let q(o) = 3*l(o) - r(o). What is q(0)?
-4
Suppose -15 = 5*v, 4*b = v - 3*v + 2. Suppose w = b - 0. Let a(g) = 2*g + 2*g + g**w + 4 - 2*g. Calculate a(-3).
7
Let s(v) = 3 + 2 - 4 + 0*v - v. Let b = 5 + -1. Suppose 0 = -b*q + 3*q. Give s(q).
1
Let i(m) be the first derivative of 0*m + 0*m**2 - 8 + 8/3*m**3. Determine i(-1).
8
Let v(s) = s**2. Let f(a) = -a**3 + a**2 - 4*a + 2. Let g(i) = f(i) + 2*v(i). What is g(3)?
-10
Suppose 3*w = -4*l - 3, 6*l - l - 2*w - 2 = 0. Let t(z) = -z**2 + 11. Give t(l).
11
Let l be 116/6 + 3/(-9). Suppose -6*a + 13 = -2*a - 3*t, 0 = 4*a - 5*t - l. Let j(z) = 9*z**3 - 2*z**2 + z. What is j(a)?
8
Let b(r) = 0 - 4 + 7*r + 5. Let l(f) be the second derivative of f**5/20 + f**4/6 + f**3/6 + 3*f**2/2 - 9*f. Let p be l(-2). What is b(p)?
8
Suppose -16*c - 144 = -0. Let r(t) = -t + 2. Calculate r(c).
11
Let b(u) = -u**3 - 7*u**2 + 8*u + 6. Let l = -6 + -2. Determine b(l).
6
Let f = -58 + 58. Let p(v) = -v**2 + 9. What is p(f)?
9
Let b(p) = 8*p**3 - 3*p - 4 - 6*p**3 - p**3 - 3*p**2. What is b(4)?
0
Let f(k) = -1 - 3 + 9 + 0 + k. Calculate f(-7).
-2
Let v(y) = -y + 1. Suppose 0 = 3*j - 12. Give v(j).
-3
Let t(s) = -s + 7*s**2 - s**3 - 2*s**2 - s**2 - 4. Suppose 4*g - 38 + 6 = 0. Let m be ((-6)/4)/((-4)/g). What is t(m)?
2
Suppose -h = -3*h - 12. Let c(u) be the third derivative of u**4/24 + u**3 - 3*u**2. What is c(h)?
0
Let w(n) be the third derivative of n**4/24 - n**3/6 + n**2. Let p be (-5)/(-15) + 4/6. Let m be (-11 + p)*3/6. Calculate w(m).
-6
Let z(k) = -2 - 3*k - 3*k**2 + 15*k**2 + k**3 - 8*k**2. Give z(-5).
-12
Let b(v) = -2 + 4 + 5*v + 4 - 5. Give b(-2).
-9
Let a(m) = -3*m - 1. Suppose 0 = 3*x + 4 - 13. Let u be (x - -1) + -2 - 9. Let s = -6 - u. Give a(s).
-4
Let y(f) be the second derivative of -f**4/24 - 2*f**2 + f. Let i(a) be the first derivative of y(a). Give i(0).
0
Let s be ((-3)/2)/((-5)/(-10)). Let u(c) be the third derivative of -c**4/24 - c**3/2 - c**2. What is u(s)?
0
Let x(r) be the third derivative of -r**5/60 - r**4/24 - r**3/6 - 2*r**2. Suppose -2*g = 2*g - 8. Let i = g + -2. Give x(i).
-1
Let y be (-88)/(-6)*(-9)/(-6). Let p be 4/y - 53/(-11). Let q(m) = m**3 - 6*m**2 + 7*m - 4. What is q(p)?
6
Let c(a) = a + 2*a**2 + a**2 - 2*a**2 - 4 - 1. Calculate c(0).
-5
Let j(o) be the first derivative of o**3/3 - 5*o**2/2 + 3. Give j(6).
6
Let h = -16 + 31. Let o = -10 + h. Let c(n) = n + 5 + 4 - o - n**2. Give c(3).
-2
Let n(q) = 6*q**2 + q + 10. Let c(g) = 5*g**2 + 9. Let r(z) = 5*c(z) - 4*n(z). Suppose 0 = 5*t - 5*b - 35, -3*b + 4 = 4*t - 3. Calculate r(t).
5
Let l(r) = 7*r + 51. Let k be l(-8). Let u(j) = -j**2 - 6*j + 2. What is u(k)?
7
Suppose 5*r = 2*r. Let d(h) be the second derivative of -h**2 + 2*h + 1/6*h**3 + r. Determine d(-3).
-5
Let l(n) = -n**3 - 2*n**2 + 3*n + 1. Suppose 4*g = 3*d + 39, -2*d - 2*d + 12 = 0. Suppose -3*y - g = y. Calculate l(y).
1
Let c(v) = 3*v - 7. Let q(a) = 16*a - 35. Let x(z) = -11*c(z) + 2*q(z). Suppose 0 = -5*w + w + 20. Determine x(w).
2
Let g(u) = 2 + u**3 + u**2 - 3*u + 7*u - 1. Let v(n) = -n**3 - 2*n**2 - 3*n. Let s(d) = -3*g(d) - 4*v(d). Give s(-5).
-3
Let s = -1 + -4. Let a(m) = -m**3 - 6*m**2 - 2*m + 4. Calculate a(s).
-11
Suppose 2 + 7 = g - 4*s, 2*g - 3*s = 8. Let t(p) = 2*p**3 + 4*p**2 + p + 4. Let f(a) = a**3 + 5*a**2 + 2*a + 5. Let y(j) = -3*f(j) + 4*t(j). Give y(g).
5
Let g(c) = 3*c + 141 - 141. Suppose 0*r - 2 = -r. Let y be 1/(-2)*r/1. Determine g(y).
-3
Let p(y) be the third derivative of -y**4/8 + y**3 + 4*y**2. What is p(5)?
-9
Let h(x) = 0 - 1 - 3 + 9 + 2*x. Give h(0).
5
Let r(x) = x**3 - 4*x**2 + 4*x - 6. Let p be 0 + (0 - 12/(-4)). Let c be r(p). Let v(g) = -3*g - 3. Calculate v(c).
6
Let a(z) = z - 1. Let n be a(-1). Let r be 3/(-9) + n/(-6). Let w(s) = -s**3 + s**2 + 1. Calculate w(r).
1
Let b(i) = -18 + i + i**2 + i**2 + 18 - 17*i**3. Determine b(-1).
18
Let p(r) = r**3 - 17*r**2 + 0*r**3 + 7*r**2 + 2. Let d be p(10). Let o(a) = 0*a + 3*a - 4*a**2 - 2 + 2*a**2. Give o(d).
-4
Let r(h) be the second derivative of -h**5/10 - h**4/3 - h**3/6 + 7*h**2/2 - 3*h. Let a(d) = -d**3 + d**2 - d. Let b(c) = a(c) - r(c). Determine b(-5).
-7
Let m be (4 - 9/3)*0. Let j(v) = v**2 + v. Determine j(m).
0
Let q be 1/4 - ((-125)/(-20) + -6). Let z(d) = 16*d + 17*d - 13*d - 39 - 20*d**2. Let s(c) = -7*c**2 + 7*c - 13. Let n(b) = -17*s(b) + 6*z(b). Determine n(q).
-13
Let h = 5 + -8. Let i be (-2 - 0) + h/(-1). Let p(q) = -5*q**2 + q**2 + i + q + q**2. What is p(-1)?
-3
Let t be 3*(-2)/2 - 12/(-6). Let v(y) = -2*y**3. Give v(t).
2
Let m(n) = -5*n - 8. Let d(i) = -i - 1. Let k(u) = 18*d(u) - 2*m(u). Let p(s) = -9*s - 3. Let l(c) = -4*k(c) + 3*p(c). Give l(-1).
-6
Let r(s) be the second derivative of -s**3/2 - s**2/2 - 2*s - 11. Determine r(-3).
8
Let y(r) = 2*r**3 + 2*r - 1. Let i(b) = 3*b - 77. Let l be i(26). Determine y(l).
3
Let b(p) be the second derivative of -p**3/3 + p**2 + 9*p. Give b(-5).
12
Let h(c) = -c**3 + 3*c**2 + 5*c - 1. Let k be 4 - -3*4/(-24)*0. Calculate h(k).
3
Let b(c) = c**2 - 5*c**2 + 3*c**2 - 4*c + 4. Give b(-4).
4
Let h(q) = -q - 12. Let c(u) = -2*u - 44. Let v be c(-16). Calculate h(v).
0
Let n(m) = -m**2 - 17. Let l(a) = -4. Let k(x) = -9*l(x) + 2*n(x). Determine k(-2).
-6
Suppose -s = 2*q - 0 - 9, -q + s = 0. Let m(b) = b + q - 2 + b. Let d = 15 - 14. What is m(d)?
3
Let c(y) be the third derivative of y**5/60 + 3*y**4/8 + y**3 - 7*y**2. What is c(-6)?
-12
Let y = -165 + 161. Let f(o) = -3*o**2 + o**2 + 7 - 4*o - 2. Give f(y).
-11
Let g(i) = i + 4. Suppose -8*p = -3*p - 10. Let r(x) = 3 + 4*x**2 - 4 - p - 3*x**2. Let a be r(0). What is g(a)?
1
Suppose -2*u = -6*u + 8. Let z(y) = 2*y - 3. Let g(w) = -w + 2. Let n(v) = u*z(v) + 5*g(v). Suppose 2*m - 2 = -4*l - 0, -l + 5*m + 17 = 0. Calculate n(l).
2
Let b be (-30)/4 + 4/(-8). Let k be (-2)/b + 72/(-32). Let n(s) = -2 + 2*s**3 + 0*s + 2*s**2 - s - s**3. Give n(k).
0
Suppose 4*h + 3*p = 2*p + 33, 5*h - 44 = -4*p. Let b(m) = m - 3. Let n be b(h). Let k(d) = -d**3 + 5*d**2 - d + 6. Determine k(n).
1
Let t(y) = 2*y - 79*y**3 - 4*y - 1 + 75*y**3. What is t(-1)?
5
Let t(d) be the first derivative of -d**4/4 - 4*d**3/3 + 3*d - 6. Calculate t(-4).
3
Let w(o) = -23*o + 1. Let x be w(1). Let m be (-238)/x + 10/55. Suppose -3*c - d = -m, 2*d = -5*c - d + 21. 